he highest common divisor of g and f.
12
Let p be (7*4/(-4))/(2 - 3). Calculate the highest common factor of p and 21.
7
Suppose 3*v - 10 = 14. Let p(q) = -13*q + 1. Let h be p(-3). Calculate the highest common divisor of h and v.
8
Let r = 477 - 213. What is the greatest common divisor of r and 24?
24
Suppose -4*v + 28 = 4. Suppose 0 = -5*j + 4*j + v. Calculate the highest common factor of j and 4.
2
Let y be -3 + 0 + 0 + 29. Suppose 5*d - 69 = -5*b + y, -d + 31 = -2*b. Calculate the greatest common divisor of d and 161.
23
Let t(y) = -22*y. Let f be t(-4). Let u be (-2)/(-3) - (-88)/12. What is the highest common divisor of f and u?
8
Let g be (-51 - -1)/(-2 - 72/(-39)). What is the greatest common factor of g and 13?
13
Suppose -i = -6*i + 245. Let u = 84 - i. Calculate the highest common factor of u and 7.
7
Let v(m) = m**3 + 3*m**2 - 5*m - 1. Let i be v(-4). Suppose 3*b - b = -a + 107, 0 = -i*b + 12. Calculate the highest common divisor of 9 and a.
9
Suppose -4*w = -3*b - 2*w + 48, -3*w - 23 = -b. Let n be (258/21 - -2) + (-14)/49. Calculate the greatest common factor of b and n.
14
Let u = -9 - -20. What is the highest common factor of u and 88?
11
Let p(w) = 8*w**2. Let h be p(1). What is the greatest common divisor of h and 112?
8
Let r(n) be the third derivative of -n**5/60 + n**4/2 + n**3/2 - 3*n**2. Let d be r(8). Calculate the highest common divisor of 7 and d.
7
Suppose 4*o + 320 = -o. Let z be ((-1)/(4/o))/2. Calculate the highest common divisor of 12 and z.
4
Let x(z) = z**2 + 5. Let p be (-6)/(-15) + 6/(-15). Let s be x(p). Calculate the greatest common factor of 5 and s.
5
Suppose 0 - 3 = -a. Suppose 24 = v + 3*v - 2*w, -2*v + a*w + 12 = 0. Calculate the highest common factor of 12 and v.
6
Suppose 5*k + 5*a = -85, -k + a + 13 - 30 = 0. Let v be (-2 - k)/(1/7). Calculate the greatest common divisor of 21 and v.
21
Suppose -3*z - 63 = -4*z. Let c(b) = b**2 - 4*b + 4. Let g be c(5). Calculate the greatest common divisor of g and z.
9
Let t(n) = n**3 - 5*n**2 - 5*n + 5. Let s be t(6). Suppose -13 = -m - 2*q + 6*q, -m + s = -2*q. Calculate the highest common factor of 81 and m.
9
Let s(n) = 4*n. Let u be s(4). Suppose -3*y - 35 = 5*p - 121, 0 = -5*p - 10. Calculate the highest common divisor of y and u.
16
Let s = -85 + 162. Let b(h) = -3*h**2 + 58*h - 12. Let a be b(19). Calculate the greatest common divisor of a and s.
7
Let g be (-12)/(-9)*99/12. What is the highest common divisor of 11 and g?
11
Let a = 10 + -4. What is the highest common factor of a and 66?
6
Let q = -6 + 15. What is the highest common factor of q and 9?
9
Let w = -18 + 24. Calculate the highest common divisor of w and 1.
1
Let a be (-1185)/(-4) + 12/16. What is the highest common factor of a and 33?
33
Suppose 0 = 5*k - 5*s - 185, -2*s = -3*k - 0*s + 112. Let d be 20*(-7)/(-28) + 52. What is the greatest common divisor of k and d?
19
Let b = 84 + -42. Calculate the highest common factor of 42 and b.
42
Suppose -g + 20 = -2*q, -q = -6*q + 10. Calculate the greatest common divisor of 6 and g.
6
Suppose 0 = 5*c - 4*h - 28, -2*c - 19 = -4*c - h. Let q = -130 + 490. Suppose 2*w = -3*w + q. What is the greatest common factor of c and w?
8
Suppose 5*x + 18 = -p, x - 2*x - 34 = 4*p. Let k(u) = -u + u**2 - u + 0*u. Let l be k(p). What is the highest common divisor of l and 16?
16
Suppose -4 = -2*z + 24. Let l(s) = -s + 69. Let y be l(27). Calculate the greatest common divisor of y and z.
14
Suppose -13*j + 58 + 124 = 0. What is the highest common divisor of j and 294?
14
Suppose 4 = -4*v + 36. What is the greatest common factor of v and 128?
8
Let a be 5*(171/(-5))/(-3). Let s = -21 + a. Suppose 4*k - 3*r = s, -5*k + 18 + 4 = 2*r. Calculate the greatest common divisor of 15 and k.
3
Let z = 4 - 2. Suppose z*p - 4*p = -44. Calculate the highest common factor of p and 132.
22
Suppose -21 = -2*n - n. Calculate the highest common factor of 63 and n.
7
Let x(s) = -s**2 - 24*s - 8. Let v be x(-20). What is the greatest common factor of 9 and v?
9
Suppose -3*z + 201 = 4*y - 0*z, 5*z + 225 = 5*y. What is the highest common factor of 120 and y?
24
Let u be (-57)/2*(-8)/12. Suppose -f + b = 3*b - 7, 3*f + 5*b - u = 0. What is the greatest common factor of 3 and f?
3
Let r(w) = -w**2 - 11*w - 4. Let c be r(-10). Let n be 44/2 - (c - 4). Let u = -12 + n. What is the greatest common factor of 2 and u?
2
Let j be 280/30 - (1/3 + -1). What is the highest common factor of 50 and j?
10
Suppose -27*f = -36*f + 405. Suppose -4 = -2*q - 0*q. Let p = 17 - q. Calculate the greatest common factor of f and p.
15
Let m be 1/(-2)*-2 - 0. Suppose 3*y = -h - 8, -m + 0 = -4*h - y. What is the highest common factor of 9 and h?
1
Let i = -29 - -18. Let d = 6 - i. What is the greatest common factor of d and 136?
17
Let z = -260 - -366. Let g be 10/(-15) - z/(-6). What is the greatest common divisor of g and 85?
17
Let r(j) = j**2 - 4*j + 1. Let p be r(5). Calculate the greatest common factor of p and 4.
2
Let t = -1101 - -552. Let v = t - -352. Let h = v + 307. Calculate the highest common factor of h and 10.
10
Suppose 9*v = 6*v + 6. What is the highest common divisor of v and 2?
2
Suppose -1 = 3*q - 3*r + 2, 5*q - 3*r + 5 = 0. Let z be q/(-4) - 201/(-12). Calculate the highest common divisor of z and 17.
17
Let d(l) be the first derivative of l**2/2 + 81*l - 2. Let v be d(0). What is the greatest common divisor of 9 and v?
9
Suppose -4*z = -6 - 14. Let n be 54*1 + 1/1. Calculate the greatest common divisor of n and z.
5
Suppose 4*z - 12 = -2*l - 2*l, -l + 5*z - 27 = 0. Let x be (-1)/l - (-161)/2. Let s = 1 - -8. Calculate the greatest common factor of s and x.
9
Suppose 4*q = 2*q + 26. Calculate the greatest common factor of q and 169.
13
Suppose -2*i - 629 = 4*c - i, -4*c + 5*i - 599 = 0. Let q = -12 - c. What is the greatest common factor of q and 16?
16
Suppose 2*c - 5 - 1 = 0. Suppose -5*i + 20 = -3*j - 10, -3*i = -2*j - 19. What is the greatest common factor of i and c?
3
Let g be (-45)/27 + (-4)/(-6). Let j = 6 + g. Suppose 3 = j*q - 277. What is the greatest common factor of 8 and q?
8
Suppose 2*m = -45 - 23. Let v = -23 - m. Let z = 36 - 14. Calculate the greatest common divisor of z and v.
11
Suppose 5*a = -5*k + 75 + 15, -4*a + 5*k + 27 = 0. What is the highest common factor of a and 13?
13
Suppose -4*f + 9*f = -30. Let p be (-2)/3 - 422/(-3). Let m be (f/(-8))/(5/p). What is the highest common divisor of 42 and m?
21
Suppose -6 + 32 = z + 4*j, -2*j + 38 = 3*z. Let g(y) = y**2 - 3*y - 14. Let m be g(z). What is the highest common divisor of 7 and m?
7
Suppose -14 = -0*z + 2*z. Let d(o) = -o**2 - 7*o + 2. Let h be d(z). What is the highest common divisor of h and 2?
2
Let x = -37 + 63. Calculate the greatest common factor of 13 and x.
13
Let w(q) = -q + 13*q**2 - 3*q + 2*q - 5*q. Let y(t) = -6*t**2 + 3*t. Let x(i) = -4*w(i) - 9*y(i). Let s be x(5). What is the greatest common factor of 22 and s?
11
Let n be (-9)/6*(16/(-3) + 0). What is the greatest common factor of 6 and n?
2
Let y = 57 - 46. What is the greatest common factor of 1 and y?
1
Let s = 119 - 53. Suppose -2*f + p + s = 0, 5*f - 165 = -4*p + 3*p. Calculate the highest common divisor of f and 11.
11
Let c = 34 + 128. Let r = 48 + -18. Suppose 3*z = 2*i - 24, 0 = i + 2*z + z - r. Calculate the highest common factor of i and c.
18
Let x be 217/5 + (-140)/(-25) + -5. Calculate the greatest common factor of x and 484.
44
Suppose -z - 34 = -5*p, 2*p - 11 = 3*z + 13. What is the highest common factor of p and 15?
3
Suppose 0*p + 2 = -p. Let o = 4 - p. Calculate the highest common factor of o and 54.
6
Suppose -3*w = 26 + 82. Let c(q) = q**2 + 71. Let n be c(0). Let b = n + w. What is the greatest common factor of b and 14?
7
Let t(j) = j - 7. Let f be t(10). What is the greatest common factor of f and 6?
3
Suppose 472 = 5*j - 2*f, 2*j + 0*j - f = 189. Let u = 14 + j. What is the highest common factor of u and 12?
12
Let y(k) = -k**3 + 8*k**2 - 3*k + 3. Let j be y(5). Suppose 3*f - 4*o = o + j, -2*f + 17 = 5*o. What is the greatest common divisor of f and 64?
16
Suppose -j + 5 = 1, 0 = m + 3*j - 38. Calculate the greatest common factor of 65 and m.
13
Suppose -5*j = 3*p - 58, -j = 3*j + 16. Let o be (2 - -1)/((-3)/(-2)) - -37. C